0101101100010
Convert 17ec25 (base 16) to base 4.
11332300211
What is -4023504 (base 6) in base 16?
-2e660
What is 552274 (base 8) in base 5?
21414112
Convert -3021131 (base 4) to base 2.
-11001001011101
Convert 121221210221122 (base 3) to base 8.
42277674
What is -230020021233 (base 4) in base 3?
-210202200221100
Convert c00d50 (base 14) to base 6.
350215122
Convert 776529 (base 10) to base 6.
24351013
-53a2b6 (base 12) to base 16
-14342a
Convert 34065202 (base 8) to base 6.
421523510
-a1329 (base 11) to base 14
-3bdb1
173054 (base 10) to base 14
470d0
-188517 (base 9) to base 3
-12222120121
2206360 (base 9) to base 3
2020020102000
What is 2443ac2 (base 14) in base 12?
599a762
Convert -110111100000000110001 (base 2) to base 16.
-1bc031
737261 (base 12) to base 14
353db3
What is e471b9 (base 15) in base 5?
10234422044
Convert 115794 (base 10) to base 2.
11100010001010010
Convert 12605115 (base 7) to base 12.
480183
1044321 (base 5) to base 15
5826
What is 193677 (base 14) in base 12?
3709b5
What is 35122 (base 12) in base 9?
117368
-162d7 (base 14) to base 4
-31202211
6f867 (base 16) to base 13
12cc00
93890 (base 15) to base 5
104431220
Convert -11232313231 (base 4) to base 15.
-1ea3a1
What is 21001110010 (base 4) in base 2?
1001000001010100000100
38d21 (base 16) to base 10
232737
Convert -8989 (base 11) to base 8.
-27072
What is -2574585 (base 9) in base 7?
-14651234
-2785a (base 15) to base 10
-126760
What is -40143102 (base 5) in base 6?
-10454355
-10101110101001100 (base 2) to base 8
-256514
1c4cc2 (base 13) to base 12
2ab687
a50760 (base 13) to base 6
214400244
What is 11341 (base 8) in base 5?
123313
What is -8c814a (base 14) in base 15?
-648033
Convert 1213211030 (base 4) to base 2.
1100111100101001100
Convert 1c20b1 (base 14) to base 3.
1220000212012
What is 738306 (base 12) in base 11?
1032125
87352 (base 10) to base 4
111110320
What is -16ecb (base 15) in base 9?
-122722
What is -360342 (base 11) in base 7?
-4566625
Convert 1213414152 (base 6) to base 12.
479a358
Convert -10dd45 (base 14) to base 16.
-8ca69
1004143042 (base 5) to base 7
23120005
Convert -1735201 (base 8) to base 15.
-a0117
What is ca7631 (base 14) in base 3?
110220110001121
Convert 3113411111 (base 5) to base 15.
862c56
128548 (base 15) to base 4
3120333302
What is 100111100001011100001 (base 2) in base 14?
259d73
-4201244 (base 5) to base 11
-47891
What is 555150 (base 9) in base 6?
11040113
-30609 (base 12) to base 6
-1204013
-111961 (base 12) to base 16
-42919
Convert 1286767 (base 13) to base 11.
330a98a
What is -89612 (base 10) in base 14?
-2492c
Convert 450130 (base 7) to base 15.
1876d
What is -4ab081 (base 12) in base 16?
-12a4a1
Convert -35620 (base 10) to base 6.
-432524
1210001123 (base 4) to base 9
683882
What is -111110001010110111110 (base 2) in base 5?
-1010142212
What is -1aa72c (base 13) in base 10?
-680094
Convert 2042f5 (base 16) to base 3.
10222102021011
-1366c4b (base 13) to base 11
-3505608
a259831 (base 11) to base 13
39a7500
Convert 10010202101221 (base 3) to base 15.
22e467
-272738 (base 9) to base 5
-20303320
Convert -2124317 (base 9) to base 4.
-10111320310
33322300 (base 5) to base 8
1072550
-138e33 (base 15) to base 7
-11000514
Convert -10033124 (base 6) to base 3.
-112110021221
Convert 49530 (base 15) to base 10.
234045
What is -1298916 (base 10) in base 2?
-100111101000111100100
4ce0f (base 16) to base 12
132293
What is 2be08 (base 15) in base 12?
69aa5
3233232033 (base 4) to base 7
11226456
What is 102100233332 (base 4) in base 11?
277a769
What is -2135552 (base 6) in base 16?
-19f1c
Convert 10010010111121 (base 3) to base 4.
12110101312
What is -ce30c5 (base 16) in base 12?
-4637b71
Convert 1a585b (base 16) to base 11.
a7a206
Convert -a7c0ac (base 13) to base 7.
-45325011
Convert b95aa (base 13) to base 11.
209701
What is -f05c08 (base 16) in base 3?
-1002122021221211
-211210123 (base 4) to base 7
-1210432
-363322 (base 8) to base 6
-2400550
Convert 111100111111101101111111 (base 2) to base 9.
33070576
What is -100010110010110 (base 2) in base 10?
-17814
Convert -74230 (base 9) to base 2.
-1011111110001000
Convert 11110010101110100100 (base 2) to base 7.
11310402
Convert 58640 (base 12) to base 6.
2312120
Convert -400330 (base 7) to base 14.
-1a7c0
1100001111010111 (base 2) to base 14
143b1
Convert 383d2 (base 14) to base 8.
415364
Convert 2133013001 (base 4) to base 10.
651713
540214 (base 7) to base 6
2002004
Convert -139c5 (base 13) to base 3.
-1212112020
What is 11112124 (base 5) in base 8?
276775
Convert aab79 (base 14) to base 6.
12512011
What is -bc0426 (base 13) in base 2?
-10000111000111110001111
1112013141 (base 5) to base 3
11121200111020
1324215 (base 6) to base 11
5026a
Convert 161332 (base 8) to base 16.
e2da
What is -3463146 (base 7) in base 9?
-733583
What is -1110011111010001011101 (base 2) in base 10?
-3798109
What is 7ccd1 (base 15) in base 8?
1410713
Convert 19427 (base 13) to base 2.
1011111110010011
What is -1013332300 (base 4) in base 8?
-1077660
What is 72c840 (base 13) in base 11?
1573537
Convert 111110100111100010 (base 2) to base 15.
50edc
What is -d15c7d (base 15) in base 14?
-146b369
78c0 (base 16) to base 11
21252
110022122 (base 3) to base 7
35120
Convert -166548 (base 10) to base 7.
-1262364
Convert -8ae3c (base 15) to base 11.
-28205a
Convert -293614 (base 10) to base 16.
-47aee
Convert -123212331 (base 6) to base 12.
-9770a7
208289 (base 10) to base 7
1525154
-10002201020 (base 3) to base 10
-61026
What is -29044b (base 12) in base 14?
-13b871
Convert -30013011 (base 6) to base 16.
-cd81f
Convert -1322442023 (base 5) to base 16.
-32c713
805460 (base 9) to base 6
14113343
Convert 2472b (base 15) to base 8.
343216
Convert 37ab18b (base 12) to base 6.
1030105055
What is 239b83 (base 12) in base 2?
10001100111001010011
Convert -402998 (base 12) to base 14.
-1c0708
125330 (base 14) to base 5
130112011
-176044 (base 10) to base 12
-85a64
What is -138a1 (base 14) in base 10?
-48357
Convert -1944357 (base 12) to base 4.
-110101303303
-1400034011 (base 5) to base 9
-6551715
Convert -285c2d (base 15) to base 7.
-22342540
Convert 133313303 (base 4) to base 10.
130547
113100110 (base 4) to base 13
34481
What is 2518152 (base 10) in base 14?
4979a0
What is 34144234 (base 9) in base 3?
1011011111021011
-2d964 (base 14) to base 11
-78a10
5213320 (base 7) to base 9
1152854
Convert 331310240 (base 5) to base 15.
1d4430
Convert 25195 (base 10) to base 11.
17a25
Convert -11023332233 (base 4) to base 7.
-14362256
c90a9 (base 16) to base 14
17614d
-267043 (base 11) to base 7
-3364325
808a647 (base 11) to base 16
da41d7
-626056 (base 7) to base 9
-173714
-100515454 (base 6) to base 5
-420033200
489691 (base 11) to base 5
144233022
What is 267747 (base 10) in base 11?
173187
Convert 2ea103 (base 15) to base 8.
10500746
Convert 3877621 (base 9) to base 13.
592204
11010000000000011100 (base 2) to base 14
1826cc
13957 (base 14) to base 6
1012253
1214401 (base 5) to base 9
34617
What is 86a4a9 (base 13) in base 14?
5c5355
Convert -353435 (base 10) to base 13.
-c4b44
1e49 (base 15) to base 4
1213002
What is 917b56 (base 13) in base 8?
14730163
What is -101516 (base 13) in base 9?
-630458
What is -25393 (base 11) in base 8?
-107062
16ba7 (base 16) to base 5
10434340
-211000303033 (base 4) to base 6
-543543251
What is -1120002001 (base 3) in base 16?
-77d1
What is -101231300 (base 4) in base 9?
-120472
Convert 11103785 (base 10) to base 13.
23ba0b4
10a9785 (base 12) to base 5
1310210010
11220201122 (base 3) to base 4
113213312
What is -18566b (base 13) in base 16?
-9561d
What is 1848526 (base 9) in base 11?
648686
Convert -6121658 (base 9) to base 12.
-1113945
Convert 1405225 (base 6) to base 3.
11000021022
-5c1931 (base 15) to base 10
-4409821
Convert 13121042 (base 5) to base 15.
2859c
Convert -5356012 (base 7) to base 9.
-1204344
What is -173a36 (base 16) in base 15?
-201070
-1597436 (base 10) to base 12
-650538
What is 1000101000100010110 (base 2) in base 11?
183604
-15bd9ba (base 15) to base 7
-251134204
25136b (base 15) to base 4
12301212122
Convert 230052 (base 7) to base 13.
15798
Convert 8caaa (base 14) to base 10.
342366
-21525242 (base 6) to base 12
-273822
What is 7836582 (base 10) in base 4?
131321032212
-c3b2a8 